13591 - -19823. What is the tens digit of j?
3
Let d(s) = -115*s + 2. Let j be d(-1). Suppose -5*u = -4*m - j, 4*u + 2*m = -0*m + 104. What is the hundreds digit of (-3 + 205/u)/(1/20)?
1
Let q = -82 + 84. Suppose q*o - 27 = -o. What is the tens digit of ((-1544)/(-24))/(3/o)?
9
Let x(b) = -5*b + 48. Let h be x(8). What is the hundreds digit of 5738/h - 22/88?
7
Suppose 20 = 2*t + 3*a, -5*t - 5*a + 55 = 15. Let d be (0 + (-12)/(-18))/(t/(-30)). Let k(n) = -3*n**3 - 9*n**2 - 3*n + 11. What is the tens digit of k(d)?
7
Let s = 5 + -2. Suppose 3*j - 5 = 7. Suppose -3*h + s*n - n + 146 = 0, 0 = j*n - 20. What is the units digit of h?
2
Let y be 3417/(-12) + (-1 - (-9)/12). Let k = -46 + y. Let s = -101 - k. What is the tens digit of s?
3
Let z(q) = -4*q + 21. Let n be z(3). Suppose n*y = -0*y + 8910. What is the hundreds digit of y?
9
What is the hundreds digit of 6/105 + (-10791464)/(-280) + 3?
5
Let p(h) = 5*h**2 + 21*h + 129. Let d be ((-7)/14)/((-6)/(-156)). What is the units digit of p(d)?
1
What is the tens digit of (1 - 5)/(((-4)/(-238))/((-87236)/3164))?
6
Let d(a) = 3 - 734*a + 736*a + 0 - 3*a**2. Let x(h) = -1. Let c(g) = -d(g) - 6*x(g). What is the units digit of c(-3)?
6
Let q = -438 - -748. Let j = q + -444. Let i = 37 - j. What is the units digit of i?
1
Suppose 2*m - 7*m + 11822 = 2*t, -23670 = -4*t + 3*m. What is the hundreds digit of t?
9
Suppose 2*w - 18 = -4*y, 6*w - 2*w - 16 = 2*y. Suppose -g + 2988 = w*g. What is the hundreds digit of g?
4
Let s(w) = 87*w**3 - 4*w**2 - 16*w + 56. What is the hundreds digit of s(5)?
7
Let c = 11 + -7. Let t(h) = -1190*h**2 - 4 - 14 - 1202*h**2 + 7*h + 2394*h**2. What is the units digit of t(c)?
2
Let w = 8733 + -8733. Let c(m) = 2*m**2 - 3*m - 133. Let j(o) = 3*o**2 - 5*o - 200. Let v(l) = -8*c(l) + 5*j(l). What is the tens digit of v(w)?
6
Suppose 0 = 4*t + 3*o - 59993, 2*t - o - 13934 - 16075 = 0. What is the ten thousands digit of t?
1
Suppose 0 = 18*m - 5*m. Suppose 2*b = -3*w + 1567, -5*b + 3*b + 4*w + 1546 = m. What is the units digit of b?
9
Let x be (-204)/(-6) + 3*1. Suppose -4*m = -5*r - 31, 4*m - r + 2*r = x. Suppose d + m*o - 90 = 7*o, 254 = 3*d - 2*o. What is the units digit of d?
6
Suppose 4*f - 72825 = -7845. What is the hundreds digit of f?
2
Suppose l - 83511 = -3*i, -111*l + 55674 = 2*i - 110*l. What is the units digit of i?
7
Suppose 3*u + 5*z + 2988 = 26454, 0 = -5*u + 4*z + 39184. What is the hundreds digit of u?
8
Let w(d) = d**3 - 11*d**2 - 14*d + 11. Let v be w(12). Let y be ((-24)/13 - -6) + 2/v. Suppose 5*c + 2*h = 305, -c + y*h + h = -61. What is the tens digit of c?
6
Let c(n) = -2*n**3 - 4*n**2 + n + 8. Let j be c(-7). Let y = j - 279. Suppose 4*t = 5*r - y, 3*r - 5*t + 2*t - 126 = 0. What is the units digit of r?
4
Let d = -33 + 54. What is the tens digit of 2/(-7) - (-1 - 24870/d)?
8
Let i(u) = -58*u - 2. Let y be i(-3). Suppose -3*q = q - y. Let v = q + 48. What is the units digit of v?
1
Suppose 3*n + 3*a - 5850 = 0, 0*a - 9774 = -5*n + 3*a. Let o = n - 1101. What is the hundreds digit of o?
8
Suppose -3*s + 3*a = 33601 - 148042, -76306 = -2*s - a. What is the units digit of s?
1
Let j = -89629 + 149944. What is the ten thousands digit of j?
6
Suppose 11*d - 3*d - 59466 = 2*d. What is the hundreds digit of d?
9
Suppose -25*i - 12 = -22*i, -5*i - 90455 = -5*g. What is the thousands digit of g?
8
What is the tens digit of ((-111)/148)/(7/(-32564))?
8
Suppose 5*s + 4*c - 111 - 186 = 0, 9 = 3*c. Suppose 15 = -5*r, -6*z + 3*r = -9*z + s. What is the units digit of z?
2
Let s = 5598 - 5585. Let v(d) = -7 - 24 + 0 - d**2 + 21*d. What is the tens digit of v(s)?
7
Let z(w) = -w**3 + 8*w**2 - 67*w + 15. What is the tens digit of z(-15)?
9
Suppose -4*c - b + 29251 + 20568 = 0, 4*b - 62260 = -5*c. What is the thousands digit of c?
2
Let d be (-20)/(-70) + (-794)/(-14). Let g = d - 41. What is the tens digit of (4 + -1)/(g + -15) - -26?
2
Let s = -3474 + 15236. What is the thousands digit of s?
1
Suppose -4*h + 2*b + 10 = -0*b, -b = -3. Suppose 0 = 4*v + h*j - 1664, 2*v + 0*j - 4*j - 832 = 0. What is the tens digit of v?
1
What is the tens digit of 1 - (-6*3/6 + -925)?
2
Let d(j) be the third derivative of j**5/60 + j**4/3 - 85*j**3/6 - 2*j**2 - 34. What is the tens digit of d(-28)?
7
Let w = 17 + -1. Let c(n) = 23*n**2 + w*n - 11 - 14*n**2 + 27 - 8*n**2. What is the tens digit of c(-19)?
7
Let p(v) = 4 - 3*v + 207*v**2 + 3 - 1 - 3. What is the units digit of p(1)?
7
Let m = -215 - -212. What is the hundreds digit of 867/6 + 1/6*m?
1
Suppose 2*g = 719 + 121. Suppose -3*o + 0*o + 4*j = -415, 3*j + g = 3*o. Suppose 5*z + 4*m = o, -5*m - 10 = -z - 2*m. What is the units digit of z?
5
Let a(r) = 231*r**3 - 2*r**2 + 2*r - 1. Let o be (-11 + 10 - 2/(-4))*-2. What is the tens digit of a(o)?
3
Let p(u) = 2*u + 280. Suppose q = a - 55, -5*q - 244 - 17 = 2*a. What is the hundreds digit of p(q)?
1
Let b(q) = q**2 - 1 - 6*q**2 - q**3 + 6 - 8*q**2. Let s be b(-13). Suppose -n - 5*w - 322 = -s*n, 5*n - 382 = -4*w. What is the units digit of n?
8
Let d(n) = -133*n**3 - n**2 + 32*n + 67. What is the units digit of d(-4)?
5
Let z = -238 - -243. What is the hundreds digit of 4 - (-8 - 7550/z)?
5
Let b(x) be the third derivative of 3*x**5/20 + 3*x**4/2 + 19*x**3/3 - 104*x**2. What is the tens digit of b(-11)?
3
Let o = 11858 - 1616. What is the thousands digit of o?
0
Suppose 23*j - 14*j = 0. Suppose 5*y = h - 1040, -15*h + 13*h + y + 2071 = j. What is the tens digit of h?
3
Let d = -473 - -1284. What is the units digit of (0 - (1 + -7)) + d?
7
Let s = 278 - 226. Suppose -318 = 46*j - s*j. What is the tens digit of j?
5
Suppose 0 = -5*j - 36 + 36. Suppose -5*x + j*x + 925 = 0. What is the hundreds digit of x*5/((-125)/(-20))?
1
Suppose -o = 10 + 10. What is the hundreds digit of 530/o*8/1*-2?
4
Let c(d) be the third derivative of d**4/24 + 29*d**3/3 + 1324*d**2. Let m(a) = -a**3 + 6*a**2 - 5*a. Let v be m(5). What is the units digit of c(v)?
8
Suppose -3*i - 28874 = 3*n - 144395, -3*n + 115513 = -5*i. Suppose -22*l - 12282 = -n. What is the thousands digit of l?
1
Suppose -8599 = 62*b - 66*b + t, -b - 2*t = -2152. Suppose 113*k + b = 123*k. What is the hundreds digit of k?
2
Suppose 2*m = -3*m. Let w be (-15)/(-3) - 10/(-15)*-3. Suppose m = w*i - 4*k - 241, -5*i = k - 583 + 143. What is the units digit of i?
7
Let k be 1060/(-6)*204/(-85). Let n = k - 297. What is the units digit of n?
7
What is the ten thousands digit of (11835/12)/((-3588)/240 - -15)?
1
Suppose -2*f + 4937 = -5*n, 60*f - n = 58*f + 4965. What is the units digit of f?
6
Suppose -8*u = -3*u + 310. Let m = 41 + u. Let s = 92 - m. What is the hundreds digit of s?
1
Let n be (-3*4/(-36))/((-2)/6). What is the units digit of 2718/3 - (-20)/(n + -4)?
2
Let c(b) = 53*b**2 + 56*b + 281. What is the tens digit of c(-12)?
4
Let h(l) = 228*l**3 - 4*l**2 - 5*l - 4. Let d be h(-2). What is the thousands digit of d/(-1) + (-22)/(-11 - 0)?
1
Suppose 5 = -7*q + 33. Suppose 3*z + 726 = q*z. Suppose -324 = -2*u + 2*l + 160, -3*u - 2*l + z = 0. What is the hundreds digit of u?
2
Let j(q) = -345*q - 525. What is the hundreds digit of j(-4)?
8
Let k be (18/10)/((-3)/(-15)). Let w be (24/k)/(-4) + (-6)/18. What is the units digit of w*(6 + -2 - 81)?
7
Suppose 3*o = 4*q - 137179, -2*q + 3*o + 83225 = 14646. What is the ten thousands digit of q?
3
Let s = 4355 - 2124. What is the units digit of s?
1
Suppose 0 = 2*v + 3*p + 2, 5*p - 3*p + 8 = 2*v. Suppose -2*d + 126 = -n, -5*n - 60 = -v*d + 50. What is the units digit of d?
5
Let g(j) = 23*j**2 - 4*j - 4. Suppose -h = p + 3*h + 119, 4*h + 218 = -2*p. Let s = p - -102. What is the tens digit of g(s)?
9
Suppose 74*t - 25022 = 73*t + 3*f, 0 = f - 4. What is the thousands digit of t?
5
Suppose -r - 8 = -5*r - 5*i, 5*r - 39 = i. Suppose 0 = -r*l + 8996 - 2871. What is the units digit of l?
5
Let m be (-3)/18 + (-1165)/30. Let b be (-41)/(-13) + 6/m. Suppose 6*f - f = k - 44, -4*k + 108 = -b*f. What is the tens digit of k?
2
Let y be (14 - -447) + (2 - 3)/(-1). Let f = -230 + y. What is the units digit of f?
2
Let m = -1106 - -3454. Suppose -m = -21*o + 1747. What is the units digit of o?
5
What is the thousands digit of (-4)/(-8 + 4)*(7 + 9087)?
9
Let a = 48625 - 13917. What is the thousands digit of